{"id":2379,"date":"2023-08-28T10:25:36","date_gmt":"2023-08-28T08:25:36","guid":{"rendered":"https:\/\/www.ceron.it\/?page_id=2379"},"modified":"2023-08-28T10:25:36","modified_gmt":"2023-08-28T08:25:36","slug":"pilar-gallegos","status":"publish","type":"page","link":"https:\/\/www.ceron.it\/?page_id=2379","title":{"rendered":"Pilar Gallegos"},"content":{"rendered":"<p class=\"p1\"><a href=\"http:\/\/www.ceron.it\/wp-content\/uploads\/2023\/08\/Pilar-Gallegos.jpeg\"><img loading=\"lazy\" class=\"alignright size-medium wp-image-2381\" src=\"http:\/\/www.ceron.it\/wp-content\/uploads\/2023\/08\/Pilar-Gallegos-250x300.jpeg\" alt=\"\" width=\"250\" height=\"300\" srcset=\"https:\/\/www.ceron.it\/wp-content\/uploads\/2023\/08\/Pilar-Gallegos-250x300.jpeg 250w, https:\/\/www.ceron.it\/wp-content\/uploads\/2023\/08\/Pilar-Gallegos-240x287.jpeg 240w, https:\/\/www.ceron.it\/wp-content\/uploads\/2023\/08\/Pilar-Gallegos-430x515.jpeg 430w, https:\/\/www.ceron.it\/wp-content\/uploads\/2023\/08\/Pilar-Gallegos.jpeg 531w\" sizes=\"(max-width: 250px) 100vw, 250px\" \/><\/a>Coreografa, danzatrice e docente di danza classica e contemporanea. \u00c8 cresciuta a Citt\u00e0 del Messico, dove si \u00e8 formata presso i Seminarios del Taller Coreogr\u00e1fico dell&#8217;Universidad Nacional Aut\u00f3noma de M\u00e9xico (UNAM) e nel Conservatorio de Danza. <span class=\"s1\">Laureata in Coreografia <\/span>dell&#8217;Escuela Nacional de Danza Cl\u00e1sica y Contempor\u00e1nea (ENDCC) del Centro Nacional de las Artes. <span class=\"s1\">Vive e lavora a Udine dal 2008.<\/span><\/p>\n<p class=\"p3\">Come coreografa indipendente, ha firmato dieci produzioni personali, sovvenzionate principalmente del Fondo Nacional para la Cultura y las Artes (FONCA) e dal Programa de la Cooperaci\u00f3n Iberoamericana para las Artes Esc\u00e9nicas (IBERESCENA). Ha vinto il Primer Premio de la Cr\u00edtica &#8220;Ra\u00fal Flores Guerrero&#8221; (1999) in occasione del XX Premio INBA-UAM e il XXI Premio INBA-UAM Categoria B (2000). Ha fatto residenze artistiche a The Banff Center (Canada), La Nave del Duende (Spagna), Legg\u00e9re Strutture Factory (Italia), TEC-ART-ECO (Italia-Svizzera), Centro Universitario de Teatro UNAM (Messico), Lo Studio (Italia), Plesna Izba Maribor (Slovenia) e Atlantic Center for the Arts (USA).<\/p>\n<p class=\"p3\">Il suo lavoro \u00e8 stato presentato in un gran numero di stagioni individuali e collettive nei principali forum di Messico, spiccando la sua partecipazione a XXI Festival Internacional de Danza \u201cLila L\u00f3pez\u201d, XVI Festival del Centro Hist\u00f3rico de la Ciudad de M\u00e9xico, Festival J\u00f3venes del Tercer Milenio, II Festival Vive Latino e V Muestra Internacional de Danza de Oaxaca. A livello internazionale \u00e8 stato presentato a: International Student Festival di Trondheim ISFiT-01 (Norvegia), V Encuentro de Core\u00f3grafos Contempor\u00e1neos (Repubblica Dominicana), Teatro Anita Villalaz (Panama), Mali Oder del Teatro Nazionale Sloveno di Maribor (Slovenia), Plataforma Latinesc\u00e9nica a Bruxelles (Belgio), \u201cUnfinished Fridays vol. 39\u201d Lake Studios Berlin (Germania) e INsideOUT dell&#8217;Atlantic Center for the Arts (USA). In Italia, spiccano le sue partecipazioni al II NAO Performing Festival di Milano, a &#8220;The Marathon of the Unexpected&#8221; della VIII Biennale Danza di Venezia, alla Piattaforma BPFORM di Roma e a Udine, V Off Label, Libera! e nelle emissioni II e IV del Festival Art tal Ort.<\/p>\n<p class=\"p3\">Ha collaborato come coreografa per diverse produzioni teatrali, concerti musicali, videoarte, videoclip, cortometraggi, cinema, performance e pubblicit\u00e0. Come assistente alla coreografia per l&#8217;opera ne La Traviata, per la Compa\u00f1\u00eda Nacional de \u00d3pera dell&#8217;INBA. In Italia lavora come assistente alla coreografia per Fuga Pasolini_Ballo 1922 di Virgilio Sieni, prodotto dal CSS Teatro Stabile di Innovazione del FVG.<\/p>\n<p class=\"p1\">Come ballerina in Messico, ha lavorato per le compagnie Quiatora Monorriel, Producciones la Manga, Utop\u00eda, Fuera de Centro, Pilar Urreta, Opus Nigrum, Nuevos Pasos e la Compa\u00f1\u00eda Nacional de Danza dell&#8217;INBA, ottenendo il Premio come Mejor Bailarina de Contempor\u00e1neo al Concurso Virginia F\u00e1bregas (1993). In Italia partecipa a Angelo che ne va di Virgilio Sieni, prodotto dal CSS Teatro Stabile di Innovazione del FVG.<\/p>\n<p class=\"p1\">\u00c8 stato docente all&#8217;ENDCC, alla Facultad de Teatro de la UDLA e a El Foro Teatro Contempor\u00e1neo. Curatrice per il Festival del Centro Hist\u00f3rico. \u00c8 stata tastierista del gruppo rock-pop Aurora y la Academia (Polygram).<\/p>\n<p class=\"p3\">In Messico ha approfondito i suoi studi coreografici conseguendo diplomi, workshop e masterclass in arti performative. In Italia, borsista del Tec-Art-Eco. Ha seguito seminari e masterclass con Carolyn Carlson, Emio Greco, Simona Bertozzi, Ariella Vidach e Iztok Kovac, tra gli altri. In Austria, un Coaching Project con Maguy Marin durante il XXVI Impulstanz Festival a Vienna e negli USA, ha avuto Annie-B Parson come tutor del<span class=\"Apple-converted-space\">\u00a0 <\/span>#176 Master Artists-in-Residency Program dell&#8217;ACA.<\/p>\n<p class=\"p1\">Ha completato la sua formazione artistica con diplomi e laboratori di danza terapeutica, hatha yoga, danza contemporanea, balletto, jazz, consapevolezza corporea, regia teatrale, voce, canto, pianoforte, francese, tedesco, italiano e inglese.<\/p>\n","protected":false},"excerpt":{"rendered":"<p>Coreografa, danzatrice e docente di danza classica e contemporanea. \u00c8 cresciuta a Citt\u00e0 del Messico, dove si \u00e8 formata presso i Seminarios del Taller Coreogr\u00e1fico dell&#8217;Universidad Nacional Aut\u00f3noma de M\u00e9xico (UNAM) e nel Conservatorio de Danza. Laureata in Coreografia dell&#8217;Escuela Nacional de Danza Cl\u00e1sica y Contempor\u00e1nea (ENDCC) del Centro Nacional de las Artes. Vive e [&hellip;]<\/p>\n","protected":false},"author":1,"featured_media":0,"parent":0,"menu_order":0,"comment_status":"closed","ping_status":"closed","template":"","meta":[],"_links":{"self":[{"href":"https:\/\/www.ceron.it\/index.php?rest_route=\/wp\/v2\/pages\/2379"}],"collection":[{"href":"https:\/\/www.ceron.it\/index.php?rest_route=\/wp\/v2\/pages"}],"about":[{"href":"https:\/\/www.ceron.it\/index.php?rest_route=\/wp\/v2\/types\/page"}],"author":[{"embeddable":true,"href":"https:\/\/www.ceron.it\/index.php?rest_route=\/wp\/v2\/users\/1"}],"replies":[{"embeddable":true,"href":"https:\/\/www.ceron.it\/index.php?rest_route=%2Fwp%2Fv2%2Fcomments&post=2379"}],"version-history":[{"count":1,"href":"https:\/\/www.ceron.it\/index.php?rest_route=\/wp\/v2\/pages\/2379\/revisions"}],"predecessor-version":[{"id":2382,"href":"https:\/\/www.ceron.it\/index.php?rest_route=\/wp\/v2\/pages\/2379\/revisions\/2382"}],"wp:attachment":[{"href":"https:\/\/www.ceron.it\/index.php?rest_route=%2Fwp%2Fv2%2Fmedia&parent=2379"}],"curies":[{"name":"wp","href":"https:\/\/api.w.org\/{rel}","templated":true}]}}

<p class="p1"><a href="http://www.ceron.it/wp-content/uploads/2023/08/Pilar-Gallegos.jpeg"><img loading="lazy" class="alignright size-medium wp-image-2381" src="http://www.ceron.it/wp-content/uploads/2023/08/Pilar-Gallegos-250x300.jpeg" alt="" width="250" height="300" srcset="https://www.ceron.it/wp-content/uploads/2023/08/Pilar-Gallegos-250x300.jpeg 250w, https://www.ceron.it/wp-content/uploads/2023/08/Pilar-Gallegos-240x287.jpeg 240w, https://www.ceron.it/wp-content/uploads/2023/08/Pilar-Gallegos-430x515.jpeg 430w, https://www.ceron.it/wp-content/uploads/2023/08/Pilar-Gallegos.jpeg 531w" sizes="(max-width: 250px) 100vw, 250px" /></a>Coreografa, danzatrice e docente di danza classica e contemporanea. È cresciuta a Città del Messico, dove si è formata presso i Seminarios del Taller Coreográfico dell&#8217;Universidad Nacional Autónoma de México (UNAM) e nel Conservatorio de Danza. <span class="s1">Laureata in Coreografia </span>dell&#8217;Escuela Nacional de Danza Clásica y Contemporánea (ENDCC) del Centro Nacional de las Artes. <span class="s1">Vive e lavora a Udine dal 2008.</span></p>
<p class="p3">Come coreografa indipendente, ha firmato dieci produzioni personali, sovvenzionate principalmente del Fondo Nacional para la Cultura y las Artes (FONCA) e dal Programa de la Cooperación Iberoamericana para las Artes Escénicas (IBERESCENA). Ha vinto il Primer Premio de la Crítica &#8220;Raúl Flores Guerrero&#8221; (1999) in occasione del XX Premio INBA-UAM e il XXI Premio INBA-UAM Categoria B (2000). Ha fatto residenze artistiche a The Banff Center (Canada), La Nave del Duende (Spagna), Leggére Strutture Factory (Italia), TEC-ART-ECO (Italia-Svizzera), Centro Universitario de Teatro UNAM (Messico), Lo Studio (Italia), Plesna Izba Maribor (Slovenia) e Atlantic Center for the Arts (USA).</p>
<p class="p3">Il suo lavoro è stato presentato in un gran numero di stagioni individuali e collettive nei principali forum di Messico, spiccando la sua partecipazione a XXI Festival Internacional de Danza “Lila López”, XVI Festival del Centro Histórico de la Ciudad de México, Festival Jóvenes del Tercer Milenio, II Festival Vive Latino e V Muestra Internacional de Danza de Oaxaca. A livello internazionale è stato presentato a: International Student Festival di Trondheim ISFiT-01 (Norvegia), V Encuentro de Coreógrafos Contemporáneos (Repubblica Dominicana), Teatro Anita Villalaz (Panama), Mali Oder del Teatro Nazionale Sloveno di Maribor (Slovenia), Plataforma Latinescénica a Bruxelles (Belgio), “Unfinished Fridays vol. 39” Lake Studios Berlin (Germania) e INsideOUT dell&#8217;Atlantic Center for the Arts (USA). In Italia, spiccano le sue partecipazioni al II NAO Performing Festival di Milano, a &#8220;The Marathon of the Unexpected&#8221; della VIII Biennale Danza di Venezia, alla Piattaforma BPFORM di Roma e a Udine, V Off Label, Libera! e nelle emissioni II e IV del Festival Art tal Ort.</p>
<p class="p3">Ha collaborato come coreografa per diverse produzioni teatrali, concerti musicali, videoarte, videoclip, cortometraggi, cinema, performance e pubblicità. Come assistente alla coreografia per l&#8217;opera ne La Traviata, per la Compañía Nacional de Ópera dell&#8217;INBA. In Italia lavora come assistente alla coreografia per Fuga Pasolini_Ballo 1922 di Virgilio Sieni, prodotto dal CSS Teatro Stabile di Innovazione del FVG.</p>
<p class="p1">Come ballerina in Messico, ha lavorato per le compagnie Quiatora Monorriel, Producciones la Manga, Utopía, Fuera de Centro, Pilar Urreta, Opus Nigrum, Nuevos Pasos e la Compañía Nacional de Danza dell&#8217;INBA, ottenendo il Premio come Mejor Bailarina de Contemporáneo al Concurso Virginia Fábregas (1993). In Italia partecipa a Angelo che ne va di Virgilio Sieni, prodotto dal CSS Teatro Stabile di Innovazione del FVG.</p>
<p class="p1">È stato docente all&#8217;ENDCC, alla Facultad de Teatro de la UDLA e a El Foro Teatro Contemporáneo. Curatrice per il Festival del Centro Histórico. È stata tastierista del gruppo rock-pop Aurora y la Academia (Polygram).</p>
<p class="p3">In Messico ha approfondito i suoi studi coreografici conseguendo diplomi, workshop e masterclass in arti performative. In Italia, borsista del Tec-Art-Eco. Ha seguito seminari e masterclass con Carolyn Carlson, Emio Greco, Simona Bertozzi, Ariella Vidach e Iztok Kovac, tra gli altri. In Austria, un Coaching Project con Maguy Marin durante il XXVI Impulstanz Festival a Vienna e negli USA, ha avuto Annie-B Parson come tutor del<span class="Apple-converted-space">  </span>#176 Master Artists-in-Residency Program dell&#8217;ACA.</p>
<p class="p1">Ha completato la sua formazione artistica con diplomi e laboratori di danza terapeutica, hatha yoga, danza contemporanea, balletto, jazz, consapevolezza corporea, regia teatrale, voce, canto, pianoforte, francese, tedesco, italiano e inglese.</p>

<p>Coreografa, danzatrice e docente di danza classica e contemporanea. È cresciuta a Città del Messico, dove si è formata presso i Seminarios del Taller Coreográfico dell&#8217;Universidad Nacional Autónoma de México (UNAM) e nel Conservatorio de Danza. Laureata in Coreografia dell&#8217;Escuela Nacional de Danza Clásica y Contemporánea (ENDCC) del Centro Nacional de las Artes. Vive e [&hellip;]</p>
