{"id":2235,"date":"2021-07-13T18:16:55","date_gmt":"2021-07-13T16:16:55","guid":{"rendered":"http:\/\/www.ceron.it\/?page_id=2235"},"modified":"2021-09-16T13:50:33","modified_gmt":"2021-09-16T11:50:33","slug":"stefania-sandrin-guest","status":"publish","type":"page","link":"https:\/\/www.ceron.it\/?page_id=2235","title":{"rendered":"Stefania Sandrin &#8211; Guest"},"content":{"rendered":"<p><a href=\"http:\/\/www.ceron.it\/wp-content\/uploads\/2021\/07\/Stefania-Sandrin.jpg\"><img loading=\"lazy\" class=\"alignright size-medium wp-image-2237\" src=\"http:\/\/www.ceron.it\/wp-content\/uploads\/2021\/07\/Stefania-Sandrin-174x300.jpg\" alt=\"\" width=\"174\" height=\"300\" srcset=\"https:\/\/www.ceron.it\/wp-content\/uploads\/2021\/07\/Stefania-Sandrin-174x300.jpg 174w, https:\/\/www.ceron.it\/wp-content\/uploads\/2021\/07\/Stefania-Sandrin-595x1024.jpg 595w, https:\/\/www.ceron.it\/wp-content\/uploads\/2021\/07\/Stefania-Sandrin-768x1323.jpg 768w, https:\/\/www.ceron.it\/wp-content\/uploads\/2021\/07\/Stefania-Sandrin-892x1536.jpg 892w, https:\/\/www.ceron.it\/wp-content\/uploads\/2021\/07\/Stefania-Sandrin-240x413.jpg 240w, https:\/\/www.ceron.it\/wp-content\/uploads\/2021\/07\/Stefania-Sandrin-430x740.jpg 430w, https:\/\/www.ceron.it\/wp-content\/uploads\/2021\/07\/Stefania-Sandrin-871x1500.jpg 871w, https:\/\/www.ceron.it\/wp-content\/uploads\/2021\/07\/Stefania-Sandrin.jpg 921w\" sizes=\"(max-width: 174px) 100vw, 174px\" \/><\/a><\/p>\n<p><strong>Insegnante di tecnica classica, punte e repertorio<\/strong><\/p>\n<p>1984\/1987 Comincia a lavorare nelle compagnie <i>Il Corpo e la Mente<\/i> di L. De Fanti, il <i>Nouveau Th\u00e9atre International<\/i> di G. Notari a Venezia il <i>Roma\u00a0Dance Studio\u00a0Ballet<\/i> di C. Venditti e l\u2019 <i>Est Balletto <\/i>a Rovigo.<\/p>\n<p>1987\/1990 entra al <strong><i>Teatro Nuovo di Torino<\/i><\/strong> sotto la direzione artistica di L. Savignano e lavora con R. De Saa e M. Pl\u00e0. Si esibisce in tutta Italia, Brasile, Corea, Svizzera, Germania interpretando <i>Fille mal gard\u00e9e,Schiaccianoci, Coppelia<\/i> di R. De Saa, <i>Carmen<\/i> di O. Danovski, <i>L\u2019albero millenario<\/i> di M. Pierin, <i>Rapsodia in blu<\/i>, <i>La vedova allegra<\/i> di B. Telloli, <i>Paquita<\/i> di N. Makarova, <i>Musica sull\u2019acqua<\/i> di M. Morricone, <i>Francesca da Rimini<\/i> di P. Dobrievich, <i>Face \u00e0 face <\/i>e<i> Butterfly<\/i> di P. Bortoluzzi, <i>Sansone e Dalila<\/i> di G.Yancu, <i>Saudage<\/i> di C. Perotti, Apollo di G. Balanchine e <i>Oltre<\/i> di P. Goss. Danza a fianco a \u00e9toiles quali L.Savignano, M.Pierin, R.Paganini, G.Jancu, A.Razzi, J.Y. Lormeau, P.Bortoluzzi. Partecipa inoltre a numerose trasmissioni televisive.<\/p>\n<p>1990 Lavora allo <strong><i>Stadttheater di Berna<\/i><\/strong> diretto da B. Steifel e partecipa a tutte le produzioni\u00a0dell\u2019anno tra cui <i>Coppelia, In your hands, Good Times<\/i>.<span class=\"Apple-converted-space\">\u00a0<\/span><\/p>\n<p>1991 Ingaggiata da Paolo Bortoluzzi al <i><strong>Ballet de l\u2019Oper\u00e0 de Bordeaux<\/strong> (F)<\/i> danza in tutte le sue coreografie: <i>Carmina Burana, Quattro stagioni, Strauss, La belle et la b<\/i><i>\u00ea<\/i><i>te, Nuit d\u2019\u00e9t\u00e9, Soir\u00e9e Tchaikovski, Formes, Incontro<\/i> e lavora anche con T. Brandsen in <i>Danse concertantes<\/i>, D.Dunn in <i>Pulcinella<\/i>, con R.North in <i>Petrouchka<\/i> e <i>La Jeanne fille et la mort, Who cares ? <\/i>e<i> Concerto barocco<\/i> di G. Balanchine, <i>Le sacre du printemps<\/i> di E.Walter, <i>Jet-lag jazz<\/i> di G. D. Monica, <i>Counterpiont-20<\/i> di M. Sappington e <i>Swing suite<\/i> di C. Holder. Partecipa alle tourn\u00e9es della compagnia negli Stati Uniti e in Italia.<\/p>\n<p>1994\/1995 Sotto la direzione di Eric Vu An danza <i>Coppelia <\/i>di E.Poliakow, <i>Marco Polo<\/i> di L.Cannito, <i>Electra <\/i>di J.C.Gil e <i>Don Chisciotte<\/i> di E.Vu An.<\/p>\n<p>1996\/2004 Sotto la direzione di Charles Jude<span class=\"Apple-converted-space\">\u00a0 <\/span>danza <i>Giselle, Schiaccianoci, La bella addormentata<\/i>, <i>Coppelia, Il lago dei cigni, Le fils prodigue<\/i>; <i>Quattre temperaments<\/i> di G.Balanchine, <i>Le jardin aux lilas<\/i> di A. Tudor, <i>Petrouchka <\/i>e<i> Silfidi<\/i> di M.Fokine, <i>Raimonda<\/i> e <i>Paquita<\/i> di M.Petipa, <i>La fille mal gard\u00e9e<\/i> di J.Lazzini, <i>Romeo e Giulietta<\/i> di T.Harms, <i>Hydrogen Jukebox<\/i> di C. Carlson e <i>Danse de salon <\/i>di C.Moser. Partecipa a tutte le tourn\u00e9es della compagnia in Giappone, Italia, Spagna,\u00a0Stati Uniti, Francia con numerosi \u00e9toiles internazionali quali E.Platel, I.Guerin, M. Loudier, A. Ferri.<\/p>\n<p>2001 Ottiene a Parigi il <strong>diploma di stato come\u00a0Professeur de danse\u00a0dal ministero della pubblica dell\u2019istruzione francese<\/strong> ed \u00e9 invitata regolarmente a numerosi stages come insegnante e coreografa di danza classica in Italia e all\u2019estero.<\/p>\n<p>Dal 2006 \u00e9 Direttrice artistica e didattica presso BALLET SCHOOL A.S.D. a Pordenone.<\/p>\n","protected":false},"excerpt":{"rendered":"<p>Insegnante di tecnica classica, punte e repertorio 1984\/1987 Comincia a lavorare nelle compagnie Il Corpo e la Mente di L. De Fanti, il Nouveau Th\u00e9atre International di G. Notari a Venezia il Roma\u00a0Dance Studio\u00a0Ballet di C. Venditti e l\u2019 Est Balletto a Rovigo. 1987\/1990 entra al Teatro Nuovo di Torino sotto la direzione artistica di [&hellip;]<\/p>\n","protected":false},"author":1,"featured_media":0,"parent":0,"menu_order":0,"comment_status":"closed","ping_status":"closed","template":"","meta":[],"_links":{"self":[{"href":"https:\/\/www.ceron.it\/index.php?rest_route=\/wp\/v2\/pages\/2235"}],"collection":[{"href":"https:\/\/www.ceron.it\/index.php?rest_route=\/wp\/v2\/pages"}],"about":[{"href":"https:\/\/www.ceron.it\/index.php?rest_route=\/wp\/v2\/types\/page"}],"author":[{"embeddable":true,"href":"https:\/\/www.ceron.it\/index.php?rest_route=\/wp\/v2\/users\/1"}],"replies":[{"embeddable":true,"href":"https:\/\/www.ceron.it\/index.php?rest_route=%2Fwp%2Fv2%2Fcomments&post=2235"}],"version-history":[{"count":3,"href":"https:\/\/www.ceron.it\/index.php?rest_route=\/wp\/v2\/pages\/2235\/revisions"}],"predecessor-version":[{"id":2300,"href":"https:\/\/www.ceron.it\/index.php?rest_route=\/wp\/v2\/pages\/2235\/revisions\/2300"}],"wp:attachment":[{"href":"https:\/\/www.ceron.it\/index.php?rest_route=%2Fwp%2Fv2%2Fmedia&parent=2235"}],"curies":[{"name":"wp","href":"https:\/\/api.w.org\/{rel}","templated":true}]}}

<p><a href="http://www.ceron.it/wp-content/uploads/2021/07/Stefania-Sandrin.jpg"><img loading="lazy" class="alignright size-medium wp-image-2237" src="http://www.ceron.it/wp-content/uploads/2021/07/Stefania-Sandrin-174x300.jpg" alt="" width="174" height="300" srcset="https://www.ceron.it/wp-content/uploads/2021/07/Stefania-Sandrin-174x300.jpg 174w, https://www.ceron.it/wp-content/uploads/2021/07/Stefania-Sandrin-595x1024.jpg 595w, https://www.ceron.it/wp-content/uploads/2021/07/Stefania-Sandrin-768x1323.jpg 768w, https://www.ceron.it/wp-content/uploads/2021/07/Stefania-Sandrin-892x1536.jpg 892w, https://www.ceron.it/wp-content/uploads/2021/07/Stefania-Sandrin-240x413.jpg 240w, https://www.ceron.it/wp-content/uploads/2021/07/Stefania-Sandrin-430x740.jpg 430w, https://www.ceron.it/wp-content/uploads/2021/07/Stefania-Sandrin-871x1500.jpg 871w, https://www.ceron.it/wp-content/uploads/2021/07/Stefania-Sandrin.jpg 921w" sizes="(max-width: 174px) 100vw, 174px" /></a></p>
<p><strong>Insegnante di tecnica classica, punte e repertorio</strong></p>
<p>1984/1987 Comincia a lavorare nelle compagnie <i>Il Corpo e la Mente</i> di L. De Fanti, il <i>Nouveau Théatre International</i> di G. Notari a Venezia il <i>Roma Dance Studio Ballet</i> di C. Venditti e l’ <i>Est Balletto </i>a Rovigo.</p>
<p>1987/1990 entra al <strong><i>Teatro Nuovo di Torino</i></strong> sotto la direzione artistica di L. Savignano e lavora con R. De Saa e M. Plà. Si esibisce in tutta Italia, Brasile, Corea, Svizzera, Germania interpretando <i>Fille mal gardée,Schiaccianoci, Coppelia</i> di R. De Saa, <i>Carmen</i> di O. Danovski, <i>L’albero millenario</i> di M. Pierin, <i>Rapsodia in blu</i>, <i>La vedova allegra</i> di B. Telloli, <i>Paquita</i> di N. Makarova, <i>Musica sull’acqua</i> di M. Morricone, <i>Francesca da Rimini</i> di P. Dobrievich, <i>Face à face </i>e<i> Butterfly</i> di P. Bortoluzzi, <i>Sansone e Dalila</i> di G.Yancu, <i>Saudage</i> di C. Perotti, Apollo di G. Balanchine e <i>Oltre</i> di P. Goss. Danza a fianco a étoiles quali L.Savignano, M.Pierin, R.Paganini, G.Jancu, A.Razzi, J.Y. Lormeau, P.Bortoluzzi. Partecipa inoltre a numerose trasmissioni televisive.</p>
<p>1990 Lavora allo <strong><i>Stadttheater di Berna</i></strong> diretto da B. Steifel e partecipa a tutte le produzioni dell’anno tra cui <i>Coppelia, In your hands, Good Times</i>.<span class="Apple-converted-space"> </span></p>
<p>1991 Ingaggiata da Paolo Bortoluzzi al <i><strong>Ballet de l’Operà de Bordeaux</strong> (F)</i> danza in tutte le sue coreografie: <i>Carmina Burana, Quattro stagioni, Strauss, La belle et la b</i><i>ê</i><i>te, Nuit d’été, Soirée Tchaikovski, Formes, Incontro</i> e lavora anche con T. Brandsen in <i>Danse concertantes</i>, D.Dunn in <i>Pulcinella</i>, con R.North in <i>Petrouchka</i> e <i>La Jeanne fille et la mort, Who cares ? </i>e<i> Concerto barocco</i> di G. Balanchine, <i>Le sacre du printemps</i> di E.Walter, <i>Jet-lag jazz</i> di G. D. Monica, <i>Counterpiont-20</i> di M. Sappington e <i>Swing suite</i> di C. Holder. Partecipa alle tournées della compagnia negli Stati Uniti e in Italia.</p>
<p>1994/1995 Sotto la direzione di Eric Vu An danza <i>Coppelia </i>di E.Poliakow, <i>Marco Polo</i> di L.Cannito, <i>Electra </i>di J.C.Gil e <i>Don Chisciotte</i> di E.Vu An.</p>
<p>1996/2004 Sotto la direzione di Charles Jude<span class="Apple-converted-space">  </span>danza <i>Giselle, Schiaccianoci, La bella addormentata</i>, <i>Coppelia, Il lago dei cigni, Le fils prodigue</i>; <i>Quattre temperaments</i> di G.Balanchine, <i>Le jardin aux lilas</i> di A. Tudor, <i>Petrouchka </i>e<i> Silfidi</i> di M.Fokine, <i>Raimonda</i> e <i>Paquita</i> di M.Petipa, <i>La fille mal gardée</i> di J.Lazzini, <i>Romeo e Giulietta</i> di T.Harms, <i>Hydrogen Jukebox</i> di C. Carlson e <i>Danse de salon </i>di C.Moser. Partecipa a tutte le tournées della compagnia in Giappone, Italia, Spagna, Stati Uniti, Francia con numerosi étoiles internazionali quali E.Platel, I.Guerin, M. Loudier, A. Ferri.</p>
<p>2001 Ottiene a Parigi il <strong>diploma di stato come Professeur de danse dal ministero della pubblica dell’istruzione francese</strong> ed é invitata regolarmente a numerosi stages come insegnante e coreografa di danza classica in Italia e all’estero.</p>
<p>Dal 2006 é Direttrice artistica e didattica presso BALLET SCHOOL A.S.D. a Pordenone.</p>

<p>Insegnante di tecnica classica, punte e repertorio 1984/1987 Comincia a lavorare nelle compagnie Il Corpo e la Mente di L. De Fanti, il Nouveau Théatre International di G. Notari a Venezia il Roma Dance Studio Ballet di C. Venditti e l’ Est Balletto a Rovigo. 1987/1990 entra al Teatro Nuovo di Torino sotto la direzione artistica di [&hellip;]</p>
