{"id":1289,"date":"2016-09-04T10:46:28","date_gmt":"2016-09-04T08:46:28","guid":{"rendered":"http:\/\/www.ceron.it\/?page_id=1289"},"modified":"2022-08-30T13:48:25","modified_gmt":"2022-08-30T11:48:25","slug":"massimo-gerardi","status":"publish","type":"page","link":"https:\/\/www.ceron.it\/?page_id=1289","title":{"rendered":"Massimo Gerardi &#8211; Guest"},"content":{"rendered":"<p><img loading=\"lazy\" class=\"alignright size-medium wp-image-1365\" title=\"Portrait Massimo Gerardi\" src=\"http:\/\/www.ceron.it\/wp-content\/uploads\/2016\/09\/Portrait-Massimo-Gerardi-211x300.jpg\" alt=\"\" width=\"211\" height=\"300\" srcset=\"https:\/\/www.ceron.it\/wp-content\/uploads\/2016\/09\/Portrait-Massimo-Gerardi-211x300.jpg 211w, https:\/\/www.ceron.it\/wp-content\/uploads\/2016\/09\/Portrait-Massimo-Gerardi.jpg 501w\" sizes=\"(max-width: 211px) 100vw, 211px\" \/><strong>Coreografo internazionale<\/strong><br \/>\n<strong> Docente di danza contemporanea<\/strong><br \/>\n<a href=\"http:\/\/www.massimo-gerardi-substanz.de\">www.massimo-gerardi-substanz.de<\/a><\/p>\n<p>Si forma artisticamente alla Scuola di Danza Ceron di Udine ed in seguito presso il Corso di Perfezionamento all&#8217; Aterballetto a Reggio Emilia. Nel 1986 inizia la sua carriera professionale al Teatro Comunale di Firenze e nella Compagnia di Carla Fracci. Successivamente, si trasferisce in Germania ed entra a far parte del Teatro Comunale di Augsburg. Rientrato in Italia, collabora con la Compagnia Aterballetto diretta da Amedeo Amodio e al Balletto di Venezia diretto da Giuseppe Carbone. Nuovamente in Germania nell&#8217;arco di dieci anni \u00e9 danzatore solista all&#8217; Opera di Norimberga, al Teatro di Dortmund e al Landestheater Linz in Austria.<br \/>\nInterpreta numerosi ruoli in coreografie di William Forsythe, Amedeo Amodio, Giuseppe Carbone, Birgit Cullberg, Amanda Miller, Jacopo Godani, Rui Horta, Gregor Zoellig, ecc.\u00a0 Crea anche diverse coreografie in seno alle compagnie in cui lavora come danzatore e viene premiato ai concorsi internazionali di coreografia di Firenze, D\u00fcsseldorf, Treviso e Hannover.<br \/>\nNel 2000 riceve dalla Fondazione &#8220;Kunst und Kultur&#8221; di D\u00fcsseldorf una borsa di studio per un master coreografico al Nederlands Dans Theater con Hans Van Manen, alla Icelandic Dance Company\/Reykiavik con Jorma Uotinen, al Balletto di G\u00f6teborg con Jacopo Godani e alla Komische Oper di Berlino con Richard Wherlock. Viene poi selezionato per un corso di perfezionamento di coreografia a Zurigo (SiWiC) e per un corso di video-danza presso il Centro Coreografico di Essen con Philippe Decoufl\u00e9 e Thierry de Mey.<br \/>\nIn seguito si dedica sia all&#8217; insegnamento che alla coreografia e crea lavori per Teatro di Oldenburg, Teatro di Stralsund-Greifswald, Teatro di Kiel, Teatro Saint Quentin en Yvelines\/Parigi, Teatro di Giessen, Teatro di Bielefeld, Landesb\u00fchnen Sachsen, Teatro di Aachen, Teatro Odeon di Bucarest, Conservatorio di Danza\/Praga, Liceo Coreografico di Bucarest e Palucca Hochschule f\u00fcr Tanz\/Dresda. Inoltre insegna per due anni danza contemporanea alla Hochschule f\u00fcr Musik und Tanz di Colonia e per un anno alla Palucca Hochschule f\u00fcr Tanz di Dresda, dove collabora tuttora come coreografo.<br \/>\n<strong>Fonda prima il collettivo &#8220;movingtheatre.de\/Tanz&#8221; a Colonia e poi la compagnia free-lance\u00a0 &#8220;subsTANZ&#8221; a Dresda dove tuttora \u00e8 in attivit\u00e0<\/strong>. La Regione Nordrhein-Westfalen, il comune di Colonia, il Comune di Dresda e diverse Fondazioni Culturali finanziano le sue numerose creazioni in seno a queste compagnie, che vengono invitate a diversi Festival in tutta Europa (Bolzano, Mittelfest, Catania, Barcellona, Vienna, Bucarest, ecc.) e ricevono il Premio Teatro-Danza 2006 e 2009 della Citt\u00e0 di Colonia.\u00a0 Attualmente presenta una nuova creazione per il Festival della Musica di Lucerna e sar\u00e1 docente ospite all&#8217; Univerist\u00e1 Nazionale di Danza di Seoul\/Corea, Accademia dell&#8217;Arte\/Arezzo, Liceo Coreografico\/Bucarest.<\/p>\n<p><span style=\"color: #333333;\"><strong>Nel 2019 \u00e9 docente presso il SEAD di Salisburgo e nel 2020 \u00e9 assistente di Jacopo Godani presso la Frankfurt Dresden Dance Company. Nel 2021 \u00e9 general manager al teatro di Giessen in Germania e da settembre 2022 \u00e8 rehearsal director e docente di tecnica contemporanea presso l&#8217;Accademia di Stato del Balletto di Vienna.<\/strong><\/span><\/p>\n<p>Collabora stabilmente con la Scuola di Danza Ceron seguendo la formazione professionale degli studenti di livello avanzato e pre professionale.<\/p>\n","protected":false},"excerpt":{"rendered":"<p>Coreografo internazionale Docente di danza contemporanea www.massimo-gerardi-substanz.de Si forma artisticamente alla Scuola di Danza Ceron di Udine ed in seguito presso il Corso di Perfezionamento all&#8217; Aterballetto a Reggio Emilia. Nel 1986 inizia la sua carriera professionale al Teatro Comunale di Firenze e nella Compagnia di Carla Fracci. Successivamente, si trasferisce in Germania ed entra [&hellip;]<\/p>\n","protected":false},"author":1,"featured_media":0,"parent":0,"menu_order":0,"comment_status":"open","ping_status":"open","template":"","meta":[],"_links":{"self":[{"href":"https:\/\/www.ceron.it\/index.php?rest_route=\/wp\/v2\/pages\/1289"}],"collection":[{"href":"https:\/\/www.ceron.it\/index.php?rest_route=\/wp\/v2\/pages"}],"about":[{"href":"https:\/\/www.ceron.it\/index.php?rest_route=\/wp\/v2\/types\/page"}],"author":[{"embeddable":true,"href":"https:\/\/www.ceron.it\/index.php?rest_route=\/wp\/v2\/users\/1"}],"replies":[{"embeddable":true,"href":"https:\/\/www.ceron.it\/index.php?rest_route=%2Fwp%2Fv2%2Fcomments&post=1289"}],"version-history":[{"count":8,"href":"https:\/\/www.ceron.it\/index.php?rest_route=\/wp\/v2\/pages\/1289\/revisions"}],"predecessor-version":[{"id":2348,"href":"https:\/\/www.ceron.it\/index.php?rest_route=\/wp\/v2\/pages\/1289\/revisions\/2348"}],"wp:attachment":[{"href":"https:\/\/www.ceron.it\/index.php?rest_route=%2Fwp%2Fv2%2Fmedia&parent=1289"}],"curies":[{"name":"wp","href":"https:\/\/api.w.org\/{rel}","templated":true}]}}

<p><img loading="lazy" class="alignright size-medium wp-image-1365" title="Portrait Massimo Gerardi" src="http://www.ceron.it/wp-content/uploads/2016/09/Portrait-Massimo-Gerardi-211x300.jpg" alt="" width="211" height="300" srcset="https://www.ceron.it/wp-content/uploads/2016/09/Portrait-Massimo-Gerardi-211x300.jpg 211w, https://www.ceron.it/wp-content/uploads/2016/09/Portrait-Massimo-Gerardi.jpg 501w" sizes="(max-width: 211px) 100vw, 211px" /><strong>Coreografo internazionale</strong><br />
<strong> Docente di danza contemporanea</strong><br />
<a href="http://www.massimo-gerardi-substanz.de">www.massimo-gerardi-substanz.de</a></p>
<p>Si forma artisticamente alla Scuola di Danza Ceron di Udine ed in seguito presso il Corso di Perfezionamento all&#8217; Aterballetto a Reggio Emilia. Nel 1986 inizia la sua carriera professionale al Teatro Comunale di Firenze e nella Compagnia di Carla Fracci. Successivamente, si trasferisce in Germania ed entra a far parte del Teatro Comunale di Augsburg. Rientrato in Italia, collabora con la Compagnia Aterballetto diretta da Amedeo Amodio e al Balletto di Venezia diretto da Giuseppe Carbone. Nuovamente in Germania nell&#8217;arco di dieci anni é danzatore solista all&#8217; Opera di Norimberga, al Teatro di Dortmund e al Landestheater Linz in Austria.<br />
Interpreta numerosi ruoli in coreografie di William Forsythe, Amedeo Amodio, Giuseppe Carbone, Birgit Cullberg, Amanda Miller, Jacopo Godani, Rui Horta, Gregor Zoellig, ecc.  Crea anche diverse coreografie in seno alle compagnie in cui lavora come danzatore e viene premiato ai concorsi internazionali di coreografia di Firenze, Düsseldorf, Treviso e Hannover.<br />
Nel 2000 riceve dalla Fondazione &#8220;Kunst und Kultur&#8221; di Düsseldorf una borsa di studio per un master coreografico al Nederlands Dans Theater con Hans Van Manen, alla Icelandic Dance Company/Reykiavik con Jorma Uotinen, al Balletto di Göteborg con Jacopo Godani e alla Komische Oper di Berlino con Richard Wherlock. Viene poi selezionato per un corso di perfezionamento di coreografia a Zurigo (SiWiC) e per un corso di video-danza presso il Centro Coreografico di Essen con Philippe Decouflé e Thierry de Mey.<br />
In seguito si dedica sia all&#8217; insegnamento che alla coreografia e crea lavori per Teatro di Oldenburg, Teatro di Stralsund-Greifswald, Teatro di Kiel, Teatro Saint Quentin en Yvelines/Parigi, Teatro di Giessen, Teatro di Bielefeld, Landesbühnen Sachsen, Teatro di Aachen, Teatro Odeon di Bucarest, Conservatorio di Danza/Praga, Liceo Coreografico di Bucarest e Palucca Hochschule für Tanz/Dresda. Inoltre insegna per due anni danza contemporanea alla Hochschule für Musik und Tanz di Colonia e per un anno alla Palucca Hochschule für Tanz di Dresda, dove collabora tuttora come coreografo.<br />
<strong>Fonda prima il collettivo &#8220;movingtheatre.de/Tanz&#8221; a Colonia e poi la compagnia free-lance  &#8220;subsTANZ&#8221; a Dresda dove tuttora è in attività</strong>. La Regione Nordrhein-Westfalen, il comune di Colonia, il Comune di Dresda e diverse Fondazioni Culturali finanziano le sue numerose creazioni in seno a queste compagnie, che vengono invitate a diversi Festival in tutta Europa (Bolzano, Mittelfest, Catania, Barcellona, Vienna, Bucarest, ecc.) e ricevono il Premio Teatro-Danza 2006 e 2009 della Città di Colonia.  Attualmente presenta una nuova creazione per il Festival della Musica di Lucerna e sará docente ospite all&#8217; Univeristá Nazionale di Danza di Seoul/Corea, Accademia dell&#8217;Arte/Arezzo, Liceo Coreografico/Bucarest.</p>
<p><span style="color: #333333;"><strong>Nel 2019 é docente presso il SEAD di Salisburgo e nel 2020 é assistente di Jacopo Godani presso la Frankfurt Dresden Dance Company. Nel 2021 é general manager al teatro di Giessen in Germania e da settembre 2022 è rehearsal director e docente di tecnica contemporanea presso l&#8217;Accademia di Stato del Balletto di Vienna.</strong></span></p>
<p>Collabora stabilmente con la Scuola di Danza Ceron seguendo la formazione professionale degli studenti di livello avanzato e pre professionale.</p>
